3 + 9*i**2 - i - 7. Let z(h) = -h - 4. Let r be z(-6). Suppose 0 = g - r, -k + g + 0*g = 0. Let b be 18*(2/(-2))/k. Give t(b).
2
Let q(s) be the first derivative of 11*s**2/2 + 56*s - 62. Let a be q(-5). Let j(k) = -16*k. Give j(a).
-16
Let b(w) be the first derivative of 4*w**2 - 75*w + 223. What is b(10)?
5
Let g(c) be the third derivative of c**4/12 + 11*c**3/6 - 2*c**2 + 470. Determine g(-3).
5
Suppose 0 = -3*u + 12*u + 36*u - 1080. Let l(g) = -g**2 + 20*g + 100. Calculate l(u).
4
Let b(y) be the second derivative of -2*y**3 - 45*y**2 - 3*y + 49. Calculate b(-8).
6
Suppose -357 = -150*z + 41*z + 188. Let b(t) = t**3 - 7*t**2 - 2*t + 11. What is b(z)?
-49
Suppose -5*q + 8 = 18. Let p(k) = 9*k + 20. Let h be p(q). Let x(c) = 2*c**2 - 4*c + 3. Calculate x(h).
3
Let l = -561 - -566. Suppose -11*w = -l*w + 36. Let c(a) = -a**2 - 10*a + 3. What is c(w)?
27
Let m be 7296/528 + 4/22. Let i(v) = -v**3 + 15*v**2 - 16*v + 2. What is i(m)?
-26
Let c = 99 - 105. Let k be (c - -4) + 0 + 143 + -1. Let g(y) = 67*y**2 + 74*y**2 - k*y**2 - y - 3. Determine g(0).
-3
Let r(g) = 7*g**2 - 49*g + 44. Suppose 34 = -1339*t + 1343*t - 2*a, 0 = -3*t + 2*a + 28. What is r(t)?
2
Let w(j) = j**2 + 6*j - 2. Let p be w(-7). Suppose p*l + 2*f + 1 = -6, 2*l = f - 10. Let i(g) = 2*g**2 + 50*g + 41*g + g**3 + 3 + 46*g - 136*g. Calculate i(l).
-9
Let l(h) = 3 + 0*h**2 - 26*h + h**2 + 104*h - 70*h. Calculate l(-6).
-9
Let f be ((-104)/32)/((-1)/4). Let b(x) = -x**2 - 3 - 8 + f + 2*x**2. Give b(3).
11
Let u(g) = 116*g**3 - 6*g**2 - 11*g - 13. Let j(q) = 31*q**3 - q**2 - 3*q - 3. Let w(p) = -15*j(p) + 4*u(p). Let n be 1/((-16)/(-18) + -1). Determine w(n).
-16
Let x(m) = -5*m. Let l(f) = f**3 - 3*f**2 - 15*f + 43. Let q be 248/60 - 12/90. Let y be l(q). Calculate x(y).
5
Let d(f) = 7*f + 0 + 0*f**2 - f**2 + 11 + 4*f**2 + 15*f. Let n be d(-7). Let t(y) = y**3 - 5*y**2 + 7*y - 6. Determine t(n).
6
Suppose 0 = 3*r - 17*r - 8*r - 176. Let i(d) = -6*d - 47. Give i(r).
1
Let g(h) be the second derivative of h**5/10 + 13*h**4/2 + 77*h**3/6 + 22*h**2 + 2*h - 4. Let r be g(-38). Let p(j) = j**2 - 4*j + 6. Give p(r).
18
Let m(x) = 11*x**2 - 5*x - 9. Let d(p) = -6*p**2 + 3*p + 5. Let i(l) = 7*d(l) + 4*m(l). Let z be (-6)/(-4)*40/15. Calculate i(z).
35
Suppose -5*b = -n, b + n = -b. Let i(y) = 3*y + b - 1 - 5*y + 2. Let j be 12/18 + (-4)/(-3). Determine i(j).
-3
Let b be 6 + 348/(-60) - (-48)/10. Let y = 9 - 4. Let t(p) = -y*p + p + p - 1. What is t(b)?
-16
Suppose -3*b - 12 = -0*b. Let g(z) = 2*z - 15. Let c(w) = 6*w - 42. Let k(u) = 6*c(u) - 17*g(u). Determine k(b).
-5
Let j(n) = 41*n**2 - 18*n - 14. Let m(q) = 159*q**2 - 70*q - 54. Let w(d) = -31*j(d) + 8*m(d). Suppose -2 = -3*b + 2*b. Give w(b).
2
Let p(z) = -21*z - 128. Let g be -1 - (44/10 + 21/35). Calculate p(g).
-2
Let i(p) = -2*p - 14. Let k(d) = -d - 15. Let l(f) = 2*i(f) - 3*k(f). Suppose 0 = -5*s + 2*j + 56, 10 = s - 14*j + 94. Calculate l(s).
3
Suppose 48*b + 5*b + 0*b + 848 = 0. Let l(q) = -q**2 - 18*q - 31. Calculate l(b).
1
Let d(w) = -w - 19. Suppose -6*n + 26*n = 0. Calculate d(n).
-19
Let l(o) = -o**2 - 8*o - 16. Let h = 24708 + -24718. What is l(h)?
-36
Let n(j) = -j**2 + 19*j + 3. Let v be n(19). Let z(t) = 3*t - 4 - v*t + 12*t - 3*t - t**2. What is z(5)?
16
Let f(d) = d**2 - 12*d + 6. Let z(s) be the first derivative of 3*s**2 - 254*s - 94. Let q be z(44). What is f(q)?
-14
Let a(x) be the second derivative of -1/12*x**4 - 78*x + 0 - 3/2*x**2 - 5/6*x**3. Determine a(-4).
1
Let n(p) = p**3 + 5*p**2 - p + 10. Let i(y) = -y**3 - 6*y**2 + 87*y + 23. Let v be i(7). Determine n(v).
15
Let i(c) be the first derivative of -2*c**3/3 - c - 332. Let s(a) = a - 5. Let y(f) = f - 5. Let d be y(9). Let k be s(d). Give i(k).
-3
Let o(s) = -14*s**3 + 148*s**2 - 64*s - 446. Let d(b) = 2*b**3 - 21*b**2 + 9*b + 63. Let v(y) = 43*d(y) + 6*o(y). Give v(7).
5
Suppose -69*d + 4*d = 65. Let w(a) = 2*a**2 - 1. Determine w(d).
1
Let h(l) = l**2 + 1982*l + 5938. Let v be h(-3). Let p(b) be the second derivative of -7*b**3/3 + b. Determine p(v).
-14
Suppose -9 = 5*o - 34. Suppose 2*k - 5*d - 5 = 3*k, 5*k + 5*d = -o. Let y(v) = -v - 66 + 66 + k*v. Give y(3).
-3
Suppose 0 = -128*m + 129*m - 534. Let z(d) = 532*d - m*d - 7 - 10. What is z(-9)?
1
Suppose 92*u - 65 = 105*u. Let i(k) = -k**3 - 3*k**2 + 10*k + 9. What is i(u)?
9
Let q(a) = -4*a + 1. Let b(f) = -4*f**2 + 19*f - 2. Let d(j) = b(j) + 5*q(j). Let p = -14 - -11. Determine d(p).
-30
Suppose 5*x + 5*r = 20, -2*r + 1 = x - 3. Let l(p) = 6*p - p**3 - 321*p**2 - 4 + 176*p**2 + 149*p**2 + 3 + 2 - 4. What is l(x)?
21
Let l be (-1*(-8)/(-14))/((-6)/21). Suppose 0 = -l*k + k - 5. Let d(a) = 19*a**2 - 5*a. Let c(t) = -20*t**2 + 6*t. Let q(h) = k*d(h) - 4*c(h). Determine q(1).
-14
Let p be 108/27 - 2*(-14 + 1). Let g(h) = -3 - p + 30 + h. Determine g(-1).
-4
Let f(a) be the second derivative of a**3/6 + 7*a**2/2 - 32*a. Let s be (1 - 2)/(10/40). Calculate f(s).
3
Let o(c) = 15. Let f(a) = -6*a + 68. Let i(d) = -f(d) + 5*o(d). What is i(-3)?
-11
Suppose -5*x + 78 = -4*c, 32*x - 34*x = -4*c - 72. Let u(k) = -k**3 - 19*k**2 - 36*k - 56. What is u(c)?
-22
Let v(i) = -11*i**2 - 21*i - 91. Let w(m) = 9*m**2 + 20*m + 76. Let l(p) = -5*v(p) - 6*w(p). Calculate l(19).
75
Let y = 1 + -1. Let r(z) be the third derivative of 222*z**2 + 0*z - 2 + 1/60*z**5 + 1/3*z**3 + 1/24*z**4. Determine r(y).
2
Let u(q) = q**2 + 10*q - 27. Suppose 3*p + 16 + 1 = -2*y, -3*p = -2*y - 35. Let m be u(y). Suppose m = r + r. Let g(s) = -s + 4. What is g(r)?
-2
Let s(j) be the third derivative of -j**5/60 + j**4/3 - 10*j**3/3 - 1169*j**2. Give s(10).
-40
Let r(q) = -q. Let p = -535 - -537. Suppose -5*y - 21 = -3*j, p*y - 3 = j - 11. Determine r(y).
3
Let t(d) = 96*d**2 + 18*d**3 - 34*d**2 - 30*d**2 - 4*d - 37*d**2 - 17*d**3 + 8. Determine t(5).
-12
Let u = 9 + -6. Let n(i) = i**2 - 8. Let w(j) = -j**2 + 6. Let y(h) = -2*n(h) - 3*w(h). Let g(a) = -2*a**2 + a + 1. Let m(b) = 2*g(b) + 3*y(b). What is m(u)?
-7
Let c(p) = p**2 + 11*p - 67. Suppose -6*k - 55 = -31*k + 45. What is c(k)?
-7
Let q(d) = -5*d**2 + 49*d - 90. Let k be q(7). Let z(y) = -95 + 196 - 3*y - 91. What is z(k)?
-14
Suppose 4*u = 31 - 15. Suppose -55 - 24 = -u*z + 3*g, -2*g + 6 = z. Let v be z/12 - (-19)/(-3). Let q(x) = x + 12. Determine q(v).
7
Let r(y) = -y**3 + 7*y**2 + 6*y + 1. Let g be 4346/530 - (1 - 2)/(0 - 5). What is r(g)?
-15
Let i(q) = 24*q + 12*q + 142 - q**3 - 286 + 138 - 5*q. Give i(5).
24
Let y(w) = 3*w**2 + 3*w. Suppose -9*k = 7*k + 100 - 68. Give y(k).
6
Let k(q) = -1. Let m(d) = -18*d - 54. Let j(a) = -54*k(a) + m(a). Suppose 29 = -3*t + 47. Let p be 4/t - 11/(-33). Calculate j(p).
-18
Let c(y) be the third derivative of -5*y**4/12 - 4*y**3 - 1938*y**2. What is c(-7)?
46
Suppose 0 = 5*b + 62 - 202. Suppose 3*x + 3 + b = -4*s, s - 11 = 3*x. Let w(r) = r**2 + 6*r + 5. Determine w(x).
0
Let v(n) = -n**2 - 7*n + 10. Let t(k) = -k**2 + 117*k - 770. Let z be t(7). Calculate v(z).
10
Let w be 3/5 - ((-111)/15 - -1). Let n(u) = w*u**2 + 6*u**2 - 6 - 2 - 12*u**2. What is n(0)?
-8
Let f(b) be the second derivative of -b**5/10 - 11*b**4/12 + b**3 + 2*b**2 - 173*b + 3. Calculate f(-6).
4
Suppose 182*l + 182*l = 6*l. Let x(v) = -2*v + 19. Let c(y) = 2*y - 19. Let t(u) = 5*c(u) + 6*x(u). Give t(l).
19
Let v(s) = s**2 - 7*s - 10. Let r(i) = -53*i - 52*i + 5 - 4*i**2 + 84*i. Let b be r(-5). Determine v(b).
20
Suppose 21*q + 5*q = -16*q. Let p(x) = -x**3 + 4 + 8 + x + 0*x**3. Give p(q).
12
Let w = 113 - 111. Let o(q) = -5*q**2 - q - 1. Let i = -53 + 42. Let k(j) = 26*j**2 + 6*j + 6. Let f(l) = i*o(l) - 2*k(l). Determine f(w).
9
Let l(m) be the second derivative of -5*m**4/12 - 13*m**3/6 + 8*m**2 + 10*m + 2. Let f(y) = 2*y**2 + y - 1. Let a(r) = -3*f(r) - l(r). Determine a(11).
-24
Let x(g) = 5*g + 46. Let z(o) = 3*o - 1. Let k(f) = x(f) - 2*z(f). Calculate k(6).
42
Let u(g) be the second derivative of 114 + g + 1/6*g**4 + 1/2*g**3 - 1/2*g**2. What is u(2)?
13
Let y(m) = m**2 + 8*m - 5. Let l(i) = -i**2 - 7*i - 14. Let h(u) = -u**2 - 3*u - 7. Let a be h(-3). Let g be l(a). Let c = g + 7. Calculate y(c).
-12
Let d(w) = -4*w**3 + 4*w. Let m(h) = 19*h**3 + 5*h**2 - 15*h + 6. Let f(t) = -5*d(t) - m(t). What is f(7)?
57
Let y(j) = -6*j + 17. Suppose 106*g - 84*g = 308. Wh